ve o(r).
-8
Let o = -10 + 6. Let z(x) be the second derivative of x**5/20 + x**4/3 - x**3/6 - 5*x**2/2 + 2*x + 52. Determine z(o).
-1
Let m(n) = 2*n**3 + n**2 + 2*n + 3. Suppose -6 = 4*a - r, 0 = -5*a - r - 0*r - 12. What is m(a)?
-13
Let b(n) = n**2 + 3*n + 3. Suppose 1 = i - 2. Suppose u = -i*u. Suppose -3*f - 6 - 6 = u. Determine b(f).
7
Let b = 7 - 4. Let a = b - 9. Let w(k) = -k - 5. What is w(a)?
1
Let u(q) = -5*q**2 + 6*q + 5. Suppose 2*b + p = 2*p - 15, 2*b + p = -9. Let m(f) = f**2 - f - 1. Let l(a) = b*m(a) - u(a). Suppose -w = 2*w. What is l(w)?
1
Let x(d) be the third derivative of -d**4/2 - 12*d**2. Determine x(-2).
24
Let s(o) = o**2 - o + 3. Suppose 0 = 2*y + 2*y. Calculate s(y).
3
Let d(y) = 9*y**2 - 19*y + 2. Let s(z) = 5*z**2 - 11*z + 1. Let w(r) = -3*d(r) + 5*s(r). Let x = 3 - 2. What is w(x)?
-1
Let q(x) = x**2 + 7*x + 4. Let k be ((-4)/10)/((-31)/(-465)). What is q(k)?
-2
Let u be -1 + 11 + -6 + 2. Let v(n) = -n**2 + 6*n + 2. Calculate v(u).
2
Let q(h) = -20*h - 11*h + 55*h + h**2 - 18*h + 4. Determine q(-3).
-5
Let n(t) be the second derivative of t**3 - t**2/2 + 2*t. Let l(b) = b - 2 - 2*b**2 + 0*b**2 + b**3 + 1. Let u be l(1). What is n(u)?
-7
Suppose -2*q = -4*j - 5 - 5, -2*q + 5*j + 15 = 0. Let g(b) = b**3 + 6*b**2 + 6*b + 6. Determine g(q).
1
Let c(q) = -7*q + 18. Let d(i) = -7*i + 17. Let x(s) = -4*c(s) + 5*d(s). Let b(r) = -10*r + 19. Let g(p) = 5*b(p) - 7*x(p). Give g(4).
0
Let a(l) = l + 8. Suppose 19 = m + 2*n, 5*m - 4*n = -n + 30. Let z = m - 14. Calculate a(z).
3
Let s = 1 + -2. Let g be s/3 + (-5)/(-15). Let p(x) = x**3 + x**2 - x - 6. Give p(g).
-6
Let v(l) be the third derivative of l**6/120 - l**5/12 + l**4/6 + l**3/6 + 13*l**2. Calculate v(4).
1
Suppose -5*t + 10 = -4*d, -2*t - 5*d = -d - 4. Let w(i) = 4*i + i - 6*i + t*i + 8. Calculate w(-6).
2
Let j be 5/10 - 11/(-72)*-3. Let c(f) be the third derivative of 0*f + 0 + 1/3*f**3 + 4*f**2 - j*f**4. What is c(4)?
-2
Let l(s) = s**2 + 4*s. Let q be 2/(-3) + 80/12. Let j be q*1*1/(-2). Calculate l(j).
-3
Let j(f) = f - 2. Let y be j(2). Let x(m) = -9 - m - 2 + 6. Give x(y).
-5
Suppose -4*s + 7 + 1 = 0. Let b(r) = r + 2 - s + 2. Give b(-2).
0
Let h(c) = 9 + 3*c + c - c. Let x(f) = -13*f - 37. Let q = -9 - -7. Let u(b) = q*x(b) - 9*h(b). What is u(-3)?
-4
Let s(n) be the first derivative of -3/2*n**2 - 1 + 2/3*n**3 - 1/4*n**4 + 0*n. Let c(f) = -f**2 - 1. Let w(u) = -6*c(u) - s(u). Calculate w(-4).
-6
Let p(v) = -3*v + 21*v**2 + v**2 - 23*v**2 + 4. Give p(-4).
0
Suppose -2 = -2*g, -5*g + 8 = 5*q - 2. Suppose 8*v = 6*v + 4. Let n(x) = v*x + x - 1 + 0*x. What is n(q)?
2
Suppose -4*t - 2*t = 0. Let f(j) be the second derivative of j**3/6 + 3*j**2 + j. Give f(t).
6
Let p(g) = -g - 11. Let u = -1 - -3. Suppose -o - 10 = -u*f - 1, 3*f - 3*o = 21. Let t be (-2 - (-1)/(-2))*f. Determine p(t).
-6
Let o(b) be the second derivative of b**3/6 + b**2 + 6*b. Give o(-5).
-3
Let r(b) = -b**2 + b - 2. Let c(h) = -h**3 + 3*h**2 - h - 2. Let g be c(2). Suppose -3*d + 0*t = -2*t + 7, -d - t + 6 = 0. Suppose g = z - 4 + d. Give r(z).
-8
Let a(l) be the third derivative of -5*l**4/24 + l**3 - l**2. Suppose 3*x = -15, 3*d + 6*x - 3*x + 3 = 0. Calculate a(d).
-14
Let g(y) be the third derivative of y**4/12 - y**3/3 - y**2. Let v = -17 + 13. What is g(v)?
-10
Let y(i) = i**3 - 7*i**2 + 6*i + 1. Let p be y(6). Let r(u) = 2*u**2 + 1. Calculate r(p).
3
Let m(t) = -t - 1. Let p be m(-3). Let y(w) = 2*w - 2. Let z be y(p). Let q(h) = -4 + 0 + 3*h + 5. What is q(z)?
7
Let x(w) = w**3 - 3*w**2 - 3*w + 2*w**2 + 0*w - 3 + 4*w**2. Suppose -5*y = -4*z + z + 21, -25 = -5*z + 5*y. Let l be (0 - 5) + z/1. What is x(l)?
6
Let a be (-7)/((-28)/16) + 0. Let r(t) = -3 - 2*t**3 + a*t**2 + t**3 - 2*t + 3. Determine r(2).
4
Let u(c) = c**3 + 6*c**2 - c - 3. Suppose -1 = w + 5. Give u(w).
3
Let s = -60 - -58. Let y(h) = 4*h**2 + h - 1. Calculate y(s).
13
Let w(y) = -3 + 0 - y**2 + 4 + y. What is w(0)?
1
Let r(k) = -k**3 - k + 1. Let p(z) = -4*z**3 - 2*z**2 - 7*z + 4. Let a(h) = -p(h) + 5*r(h). Determine a(3).
-2
Let i(f) = 0 + 1 + 2*f - 2*f**2 - 2. Let q be i(2). Let y(c) be the first derivative of c**2/2 + 7*c - 1. Calculate y(q).
2
Let r(b) = b + 6. Suppose -2*j - 3*d - 11 = 0, -1 = 5*j - 4*j - 3*d. What is r(j)?
2
Let z(h) = 5*h**3 - 5*h**2 - 10*h - 4. Let p(x) = -14*x**3 + 15*x**2 + 29*x + 12. Let y(t) = 6*p(t) + 17*z(t). Determine y(-3).
10
Let z(r) = -r. Let s(k) = 6*k**2 - k - 1. Let b be s(-1). Calculate z(b).
-6
Let y(n) = -n**2 + 3*n - 4. Let p = -3 + 8. Suppose 2*t + 5*o - o = 2, -p*o - 11 = -2*t. Let l be y(t). Let c(v) = v + 6. What is c(l)?
2
Let n(r) = -3*r + 4. Let s(i) = -4*i + 5. Let g(w) = 5*n(w) - 4*s(w). What is g(0)?
0
Let v(a) = a - 7. Let z(d) = -5*d + 28. Let w(l) = 9*v(l) + 2*z(l). Determine w(0).
-7
Suppose 0 = 3*y - 6*y - 456. Let b be (-1)/(-4) + y/(-32). Let j(p) = p - 11. Calculate j(b).
-6
Suppose -1 = -2*m + 3. Let f(n) = -m - 4*n + 1 - n. Calculate f(1).
-6
Let a(o) = -o**2 - 6*o - 1. Suppose -60 = 5*w + 5*x, 4*x = x. Let y be w/(-10)*30/(-12). Give a(y).
8
Let v(o) = 3 + o - 3. Let l be v(0). Let q(u) = l*u + 3*u + 4 - 2. What is q(-2)?
-4
Let z be 2*(-1)/(-2)*-3. Let f(c) = 1 + 7*c**2 - 6*c**2 + 6*c - 2*c. Determine f(z).
-2
Let t(v) be the first derivative of v**3/3 - 11*v**2/2 + 9*v + 1. Let x = -4 - -14. Let n be t(x). Let s(i) = 2*i**3 + 2*i**2 + i. What is s(n)?
-1
Let f(r) = -4*r**2 + 6*r - 4. Let y(l) = -5*l**2 + 7*l - 5. Let g(i) = -3*f(i) + 2*y(i). Let z be g(2). Let b(j) = -j**2 + 3*j - 1. What is b(z)?
1
Let t(u) = 5 - 42*u - 1 + 2*u**2 - 3*u**2 + 45*u. What is t(4)?
0
Let f = -5 - -7. Suppose 0 = z - f*z + 3. Let r(s) = 0 - 1 + 4 + 1 + z*s. Give r(-3).
-5
Let o = -6 + 9. Let s(b) = -3*b + 5*b + 2*b - o*b. Determine s(2).
2
Let s(f) = 2*f. Suppose -m - 5 = -4. Let g = m - 1. Calculate s(g).
-4
Suppose -20 = -3*d + 2*d + 5*m, 4*m = -d - 7. Let r(t) be the second derivative of -t**4/12 + t**3 + t**2/2 - 20*t. Determine r(d).
6
Let d(z) be the third derivative of z**5/60 - z**4/8 - z**3/6 - 9*z**2. Suppose 0 = 3*f - 4*c - 25, 5*f - 2*c - 13 - 10 = 0. Calculate d(f).
-1
Let i(r) be the second derivative of -r**4/12 - 7*r**3/6 - 5*r**2/2 + 31*r. Calculate i(-4).
7
Let o(n) = -3 - n**2 - 5*n + 30*n - 27*n. Let v = -1 - 2. Determine o(v).
-6
Suppose 0 = 4*r - s - 10, -r - r - 5*s = -16. Let f = 18 + -19. Let t(z) = -8*z - 2. Let j(y) = -y - 1. Let d(a) = f*t(a) + 5*j(a). Calculate d(r).
6
Let g(q) = -4 - 336*q + 340*q - 2. Give g(5).
14
Let t(o) be the third derivative of -o**6/120 - o**5/12 - o**4/24 + o**3 - 13*o**2. What is t(-5)?
11
Let h be 2 - 1 - (-1)/(-2)*6. Let g(k) = -3*k**2 - 3*k - 3. Determine g(h).
-9
Let c(l) = -l**2 - l - 1. Let x(p) = -2*p**2 - 7*p. Let o(y) = -3*c(y) + x(y). Let a(z) = z**3 + 10*z**2 + 5. Let b be a(-10). Determine o(b).
8
Let r be (-45)/(-6)*(2 - 4). Let d = r - -26. Let t(n) = 5*n**2 - 4*n - 1. Let j(v) = -14*v**2 + 12*v + 2. Let y(p) = d*t(p) + 4*j(p). Give y(4).
-3
Suppose 1 = -a, -4 = -2*h + 2*a + 8. Suppose -3*g - p - 8 = 0, -4*g + h*p - 2 - 34 = 0. Let b(v) = -v + 1. Calculate b(g).
5
Let v be 2/(-3)*(-6)/4. Let n = v - -1. Let r(q) = -q + 4. Give r(n).
2
Let l(d) = -2*d. Let r(k) be the first derivative of k**2 - 5*k + 2. Let z be r(4). Let u be (z/(-2))/(2/4). Calculate l(u).
6
Let l(t) = t**3 - 5*t**2 + 3*t - 6. Suppose -5*n = 15, 3*n = -4*g + 2*n + 9. Suppose 4*k + u = 22, 8 = g*u + 2. What is l(k)?
9
Let p be (((-5)/4)/1)/((-9)/72). Let m(b) = -b**2 + 9*b + 7. What is m(p)?
-3
Let d(p) = p + 9. Let v be d(-7). Suppose -w - 1 = 2*u, 5*u + v = -w - w. Let s(i) = -i**3 + i - 6. Calculate s(u).
-6
Let b(a) = -2*a - 7. Let n(g) = 2*g + 7. Let o(w) = -3*b(w) - 4*n(w). Give o(-5).
3
Let u(i) = 0 - i - 6 + 5 + 2*i. Calculate u(-6).
-7
Let v(t) = 6*t + 2. Let f = 35 + -38. Calculate v(f).
-16
Let f(u) be the first derivative of -u**4/4 - u**3/3 + u**2 - 3*u + 13. Calculate f(2).
-11
Let j(m) = -m**3 - 8*m**2 - 7*m + 5. Let p = 7 - 3. Let r be -9 - (-3 + p + -3). Let x be j(r). Let o(g) = -g + 4. Calculate o(x).
-1
Let m be ((-14)/21)/((-2)/21). Let w(l) = -l**3 + 8*l**2 - 7*l + 5. Calculate w(m).
5
Let i = 55 + -44. Let x(w) = w**2 - 9*w - 11. Calculate x(i).
11
Let v(j) = -j**2 + 9*j + 14. Let h be v(10). Let w(n) be the third 